-5). Let y = 61 + h. Calculate the remainder when 61 is divided by y.
30
Suppose -4*m + 2*m + 20 = 0. Suppose -4*o + 14 + m = 0. Let h = -18 + 41. Calculate the remainder when h is divided by o.
5
Suppose 0 = -16*z + 9*z + 91. What is the remainder when 118 is divided by z?
1
Suppose 86*l + 112 = 93*l. Calculate the remainder when l is divided by 5.
1
Suppose 5*z - p = 2*z + 3, 0 = -p - 3. Let u be (z - (-4)/(-3))*-6. Suppose f - 51 = -3*t, -26 = -2*t + f + u. What is the remainder when t is divided by 6?
5
Suppose 0 = -11*f + 532 + 150. What is the remainder when f is divided by 21?
20
Suppose -3*q - 102 = -99, 4*q = -2*d + 612. What is the remainder when d is divided by 80?
68
Suppose 167*y + 120 = 169*y. What is the remainder when y is divided by 35?
25
Let f(t) = -32*t**2 - 3*t + 8. Let u be f(2). Let m = -94 - u. Let l = 12 - -5. Calculate the remainder when m is divided by l.
15
Let c = 68 - 22. Calculate the remainder when c is divided by 16.
14
Let k(q) = 14*q + 11. Calculate the remainder when k(6) is divided by 32.
31
Let f(z) = -z**2 - 6*z + 3. Let w(o) = -o - 4. Suppose 3*p = p. Let l be w(p). What is the remainder when 21 is divided by f(l)?
10
Let s(o) = -o**3 + 14*o**2 - 15*o - 26. Calculate the remainder when s(8) is divided by 120.
118
Suppose -42*l + 26*l + 384 = 0. Calculate the remainder when 163 is divided by l.
19
Suppose 2*l = -4*f - 28 + 150, 3*l + 114 = 3*f. Calculate the remainder when f is divided by 11.
0
Suppose 26*v - 258 = 20*v. Calculate the remainder when 66 is divided by v.
23
Let p be 5 + -2 - -1 - -1. Suppose -2*s + s + 4*l = -140, 675 = p*s + 5*l. Suppose 0 = 4*w - 2*w - s. Calculate the remainder when w is divided by 23.
22
Let t(f) = -7*f**2 + 28*f - 5. Let g(z) = 8*z**2 - 29*z + 6. Let l(h) = 5*g(h) + 6*t(h). What is the remainder when 52 is divided by l(11)?
8
Suppose -2*k = x - 27, 4*k + 2*x = 6*x + 84. Calculate the remainder when 40 is divided by k.
8
Let q(j) = -j + 1. Let g(k) = 4*k + 15. Let b(l) = g(l) + 5*q(l). Calculate the remainder when b(0) is divided by 7.
6
Suppose 3*b = b + 4*l + 8, -4*l - 4 = 0. Suppose -b*t + t + 12 = 0. Suppose 2*s - 45 = -1. What is the remainder when s is divided by t?
10
Suppose 127 = 5*b + 4*i, 4*b + 4*i - 68 = 32. Calculate the remainder when b is divided by 16.
11
Let j = 748 + -707. What is the remainder when 408 is divided by j?
39
Let x(n) = -2*n - 13. Let v be x(19). Suppose g = 17 + 5. What is the remainder when (-5)/(-4 + (-201)/v) is divided by g?
19
Let h = -101 + 117. What is the remainder when 75*(-3 + 38/10) is divided by h?
12
Let p = 3 - 3. Suppose p = -0*d + d. Let j = d + 12. Calculate the remainder when 34 is divided by j.
10
Suppose 0*h = 4*h - 12. Let m be h/12 - 405/20. What is the remainder when 5 is divided by (-5)/m + (-22)/(-8)?
2
Suppose -b = y - 28, -4*y - b + 104 = 1. Suppose 106*o = 98*o + 80. What is the remainder when y is divided by o?
5
Suppose -h + 0*h - 41 = -2*v, -39 = -2*v + 3*h. What is the remainder when 208 is divided by v?
19
Let s = 56 + -39. Suppose -36 = -0*i - 4*i. What is the remainder when s is divided by i?
8
Let y = 4 - -1. What is the remainder when -13 + 8 - ((-4 - (-42)/7) + -19) is divided by y?
2
Suppose 48 = 5*x - n - n, -4*x + n = -36. Suppose -11*s + 1026 = 2*s + 41*s. What is the remainder when s is divided by x?
3
Let o(t) = 15*t**2 + 3*t + 1. What is the remainder when 72 is divided by o(1)?
15
Let d = -85 + 44. Let f = d + 67. What is the remainder when f is divided by 14?
12
Let t = 22 - 21. Let w(m) = -27*m - 3 + t + 1. What is the remainder when 101 is divided by w(-1)?
23
Suppose -18*b + 2*g = -13*b - 58, 0 = 2*b + 4*g - 28. Suppose 4*u - 106 = -2*c - 0*u, -u = c - 55. What is the remainder when c is divided by b?
9
Suppose 4*t - s = 177, -t + 4*s = 2*t - 136. Calculate the remainder when 129 is divided by t.
41
Let q be 6/(-9) - (-104)/12. Let h(z) = -2*z + 21. What is the remainder when -6*-1*(-4)/(-3) is divided by h(q)?
3
Suppose 0 = -3*m + 69 + 75. Let z = 130 + -41. Suppose l = -z + 106. Calculate the remainder when m is divided by l.
14
Suppose b + 110 - 141 = 0. What is the remainder when -6*1/((-6)/123) is divided by b?
30
Let p(w) = w**2 - 7*w - 11. Let s = -136 - -145. Calculate the remainder when 17 is divided by p(s).
3
Suppose 301 - 328 = -p. What is the remainder when p is divided by 3?
0
Suppose 0 = 2*q - 5*f + 10*f - 35, f - 72 = -3*q. Calculate the remainder when 999 is divided by q.
24
Let s be ((-6)/(-84)*-8)/(4/(-70)). Let n(o) = 5*o - 40. What is the remainder when 21 is divided by n(s)?
1
Let k be (-20)/3 - 9/27. What is the remainder when 20 is divided by (k/3)/((-7)/21)?
6
Suppose 5*d = 4*t - 57, -t = -3*t - d + 39. What is the remainder when 1259 is divided by t?
17
Let a(r) = r**3 + 17*r**2 + 28*r - 9. Suppose h + 32 = -13. What is the remainder when a(-3) is divided by (h/(-2))/(-5)*-2?
6
Let x(k) = -3*k**2 + 25*k + 62. Let c(d) = 7*d**2 - 51*d - 124. Let p(j) = -4*c(j) - 9*x(j). Calculate the remainder when p(-12) is divided by 17.
12
Suppose -w + 23 = 4*p, 7*w + 3*p - 8*p = 326. Let g(k) = k**3 + k - 16. Let o be g(0). Let h = o - -39. Calculate the remainder when w is divided by h.
20
Let a = -39 - -41. Suppose 0 = a*y - 23 - 19. What is the remainder when 81 is divided by y?
18
Suppose 4*j + w - 451 = 2*w, 4*w + 12 = 0. Let t be (j/40)/((-2)/(-10)). Suppose -12*n - t = -14*n. Calculate the remainder when n is divided by 3.
1
Calculate the remainder when (-3)/(-2)*40/12 is divided by -2 + (-2 - -5) - (-8)/2.
0
Let r = -94 - -213. Suppose -73*p = -54*p - 456. Calculate the remainder when r is divided by p.
23
Let d = 996 - 939. What is the remainder when 159 is divided by d?
45
Let q = 1 + 1. Suppose 0*f + f - 5*o - 34 = 0, 8 = q*f + 5*o. Let h(r) = -7*r + 4. What is the remainder when h(-3) is divided by f?
11
Let i(q) = q**3 - 28*q**2 + 31*q + 51. Let p be i(27). Suppose -5*y - 49 = -p. Calculate the remainder when y is divided by 5.
2
Let q(g) = 21*g + 15. Calculate the remainder when 131 is divided by q(3).
53
Suppose 20 = 5*b + 5*b. Suppose -4*x = -9*f + 5*f - 88, b*x = -f + 38. What is the remainder when 97 is divided by x?
17
Let w = -288 + 404. What is the remainder when w is divided by 54?
8
Let i = -143 + 245. Suppose 2*c - i = 5*x, -4*c + 224 = x + 42. What is the remainder when c is divided by 13?
7
Let o be (-8)/28 + (-37)/(-7). Suppose 3*h - o*h + 28 = 0. What is the remainder when -7 + 441/14 - 2/(-4) is divided by h?
11
Let y(o) = -o**2 - 20*o - 14. Let u be y(-19). What is the remainder when 52 is divided by (-744)/(-40) - (-2)/u?
14
Suppose -4*l + 31 = -5. Let t = -45 + 96. Let b = -26 + t. Calculate the remainder when b is divided by l.
7
Let z(a) = a**3 + 19*a**2 + 17*a - 11. Let o be z(-18). Suppose -q - 408 = -o*q. Calculate the remainder when q is divided by 18.
14
Suppose -190 = -r + 3*f - 17, 3*r - 539 = 5*f. What is the remainder when r is divided by 7?
6
Suppose i + 3*q + 30 = 154, q = -i + 114. What is the remainder when i is divided by 28?
25
Suppose 2*p - 172 + 2 = -2*d, -3*d - 340 = -4*p. What is the remainder when p is divided by 24?
13
Let z(h) = -10*h - 53. What is the remainder when z(-19) is divided by 28?
25
Suppose -23 = -0*b - b - 5*y, -19 = -2*b - y. Suppose -2*l = -20 - b. Calculate the remainder when (-2)/((-11)/550*4) is divided by l.
11
Calculate the remainder when 95 is divided by ((-34)/1 - -2)*(-15)/15.
31
Let o = -349 - -357. Calculate the remainder when 60 is divided by o.
4
Let h(o) = o**2 + 21*o - 78. Calculate the remainder when 55 is divided by h(-25).
11
Let k = 343 + -309. Calculate the remainder when k is divided by 4.
2
Let o = 191 + -145. What is the remainder when 90 is divided by o?
44
Suppose -k - 2*j - 4 = -161, -k - 3*j + 156 = 0. Calculate the remainder when k is divided by 54.
51
Suppose 155 = 4*o - 5*x, -5*o + 0*x + 2*x + 198 = 0. Let w = o - 2. Let d = w - 25. What is the remainder when 23 is divided by d?
10
Suppose n - 4*y - 169 = 0, -169 = -n - 36*y + 37*y. Calculate the remainder when n is divided by 54.
7
Let p = -153 - -349. Calculate the remainder when p is divided by 40.
36
Let i(y) = -41*y. Suppose -30 = 5*c + 3*v, 3*v = c + 4*v + 8. What is the remainder when i(c) is divided by (12*(2 + 22/(